{"id":424,"date":"2025-07-15T15:33:39","date_gmt":"2025-07-15T15:33:39","guid":{"rendered":"https:\/\/a-compas.com\/portfolio\/intensivo-de-flamenco-maestria-y-pasion-en-sevilla\/"},"modified":"2025-10-22T06:49:20","modified_gmt":"2025-10-22T06:49:20","slug":"flamenco-intensive-mastery-and-passion-in-seville","status":"publish","type":"portfolio","link":"https:\/\/a-compas.com\/en\/portfolio\/flamenco-intensive-mastery-and-passion-in-seville\/","title":{"rendered":"Flamenco Intensive: Mastery and Passion in Seville"},"content":{"rendered":"","protected":false},"featured_media":1129,"template":"","categoria-portfolio":[],"class_list":["post-424","portfolio","type-portfolio","status-publish","has-post-thumbnail","hentry"],"acf":[],"yoast_head":"<!-- This site is optimized with the Yoast SEO plugin v27.5 - https:\/\/yoast.com\/product\/yoast-seo-wordpress\/ -->\n<title>Intensivo de Flamenco en Sevilla - A Comp\u00e1s<\/title>\n<meta name=\"description\" content=\"Sum\u00e9rgete en el arte del flamenco con nuestro curso intensivo en Sevilla. Aprende de expertos en un entorno aut\u00e9ntico y apasionado. \u00a1Vive la cultura y la pasi\u00f3n del flamenco con A Comp\u00e1s!\" \/>\n<meta name=\"robots\" content=\"index, follow, max-snippet:-1, max-image-preview:large, max-video-preview:-1\" \/>\n<link rel=\"canonical\" href=\"https:\/\/a-compas.com\/en\/portfolio\/flamenco-intensive-mastery-and-passion-in-seville\/\" \/>\n<meta property=\"og:locale\" content=\"en_US\" \/>\n<meta property=\"og:type\" content=\"article\" \/>\n<meta property=\"og:title\" content=\"Intensivo de Flamenco en Sevilla - A Comp\u00e1s\" \/>\n<meta property=\"og:description\" content=\"Sum\u00e9rgete en el arte del flamenco con nuestro curso intensivo en Sevilla. Aprende de expertos en un entorno aut\u00e9ntico y apasionado. \u00a1Vive la cultura y la pasi\u00f3n del flamenco con A Comp\u00e1s!\" \/>\n<meta property=\"og:url\" content=\"https:\/\/a-compas.com\/en\/portfolio\/flamenco-intensive-mastery-and-passion-in-seville\/\" \/>\n<meta property=\"og:site_name\" content=\"A Comp\u00e1s\" \/>\n<meta property=\"article:modified_time\" content=\"2025-10-22T06:49:20+00:00\" \/>\n<meta property=\"og:image\" content=\"https:\/\/a-compas.com\/wp-content\/uploads\/2025\/08\/Juan.jpg\" \/>\n\t<meta property=\"og:image:width\" content=\"1365\" \/>\n\t<meta property=\"og:image:height\" content=\"1448\" \/>\n\t<meta property=\"og:image:type\" content=\"image\/jpeg\" \/>\n<meta name=\"twitter:card\" content=\"summary_large_image\" \/>\n<!-- \/ Yoast SEO plugin. -->","yoast_head_json":{"title":"Intensivo de Flamenco en Sevilla - A Comp\u00e1s","description":"Sum\u00e9rgete en el arte del flamenco con nuestro curso intensivo en Sevilla. Aprende de expertos en un entorno aut\u00e9ntico y apasionado. \u00a1Vive la cultura y la pasi\u00f3n del flamenco con A Comp\u00e1s!","robots":{"index":"index","follow":"follow","max-snippet":"max-snippet:-1","max-image-preview":"max-image-preview:large","max-video-preview":"max-video-preview:-1"},"canonical":"https:\/\/a-compas.com\/en\/portfolio\/flamenco-intensive-mastery-and-passion-in-seville\/","og_locale":"en_US","og_type":"article","og_title":"Intensivo de Flamenco en Sevilla - A Comp\u00e1s","og_description":"Sum\u00e9rgete en el arte del flamenco con nuestro curso intensivo en Sevilla. Aprende de expertos en un entorno aut\u00e9ntico y apasionado. \u00a1Vive la cultura y la pasi\u00f3n del flamenco con A Comp\u00e1s!","og_url":"https:\/\/a-compas.com\/en\/portfolio\/flamenco-intensive-mastery-and-passion-in-seville\/","og_site_name":"A Comp\u00e1s","article_modified_time":"2025-10-22T06:49:20+00:00","og_image":[{"width":1365,"height":1448,"url":"https:\/\/a-compas.com\/wp-content\/uploads\/2025\/08\/Juan.jpg","type":"image\/jpeg"}],"twitter_card":"summary_large_image","schema":{"@context":"https:\/\/schema.org","@graph":[{"@type":"WebPage","@id":"https:\/\/a-compas.com\/en\/portfolio\/flamenco-intensive-mastery-and-passion-in-seville\/","url":"https:\/\/a-compas.com\/en\/portfolio\/flamenco-intensive-mastery-and-passion-in-seville\/","name":"Intensivo de Flamenco en Sevilla - A Comp\u00e1s","isPartOf":{"@id":"https:\/\/a-compas.com\/en\/#website"},"primaryImageOfPage":{"@id":"https:\/\/a-compas.com\/en\/portfolio\/flamenco-intensive-mastery-and-passion-in-seville\/#primaryimage"},"image":{"@id":"https:\/\/a-compas.com\/en\/portfolio\/flamenco-intensive-mastery-and-passion-in-seville\/#primaryimage"},"thumbnailUrl":"https:\/\/a-compas.com\/wp-content\/uploads\/2025\/08\/Juan.jpg","datePublished":"2025-07-15T15:33:39+00:00","dateModified":"2025-10-22T06:49:20+00:00","description":"Sum\u00e9rgete en el arte del flamenco con nuestro curso intensivo en Sevilla. Aprende de expertos en un entorno aut\u00e9ntico y apasionado. \u00a1Vive la cultura y la pasi\u00f3n del flamenco con A Comp\u00e1s!","breadcrumb":{"@id":"https:\/\/a-compas.com\/en\/portfolio\/flamenco-intensive-mastery-and-passion-in-seville\/#breadcrumb"},"inLanguage":"en-US","potentialAction":[{"@type":"ReadAction","target":["https:\/\/a-compas.com\/en\/portfolio\/flamenco-intensive-mastery-and-passion-in-seville\/"]}]},{"@type":"ImageObject","inLanguage":"en-US","@id":"https:\/\/a-compas.com\/en\/portfolio\/flamenco-intensive-mastery-and-passion-in-seville\/#primaryimage","url":"https:\/\/a-compas.com\/wp-content\/uploads\/2025\/08\/Juan.jpg","contentUrl":"https:\/\/a-compas.com\/wp-content\/uploads\/2025\/08\/Juan.jpg","width":1365,"height":1448},{"@type":"BreadcrumbList","@id":"https:\/\/a-compas.com\/en\/portfolio\/flamenco-intensive-mastery-and-passion-in-seville\/#breadcrumb","itemListElement":[{"@type":"ListItem","position":1,"name":"Portada","item":"https:\/\/a-compas.com\/en\/"},{"@type":"ListItem","position":2,"name":"Portfolios","item":"https:\/\/a-compas.com\/en\/portfolio\/"},{"@type":"ListItem","position":3,"name":"Flamenco Intensive: Mastery and Passion in Seville"}]},{"@type":"WebSite","@id":"https:\/\/a-compas.com\/en\/#website","url":"https:\/\/a-compas.com\/en\/","name":"A Comp\u00e1s","description":"Escuela de flamenco en Sevilla","publisher":{"@id":"https:\/\/a-compas.com\/en\/#organization"},"potentialAction":[{"@type":"SearchAction","target":{"@type":"EntryPoint","urlTemplate":"https:\/\/a-compas.com\/en\/?s={search_term_string}"},"query-input":{"@type":"PropertyValueSpecification","valueRequired":true,"valueName":"search_term_string"}}],"inLanguage":"en-US"},{"@type":"Organization","@id":"https:\/\/a-compas.com\/en\/#organization","name":"A Comp\u00e1s","url":"https:\/\/a-compas.com\/en\/","logo":{"@type":"ImageObject","inLanguage":"en-US","@id":"https:\/\/a-compas.com\/en\/#\/schema\/logo\/image\/","url":"https:\/\/a-compas.com\/wp-content\/uploads\/2025\/07\/687644a22880e_Logo-fondo-transparente.png","contentUrl":"https:\/\/a-compas.com\/wp-content\/uploads\/2025\/07\/687644a22880e_Logo-fondo-transparente.png","width":494,"height":463,"caption":"A Comp\u00e1s"},"image":{"@id":"https:\/\/a-compas.com\/en\/#\/schema\/logo\/image\/"}}]}},"_links":{"self":[{"href":"https:\/\/a-compas.com\/en\/wp-json\/wp\/v2\/portfolio\/424","targetHints":{"allow":["GET"]}}],"collection":[{"href":"https:\/\/a-compas.com\/en\/wp-json\/wp\/v2\/portfolio"}],"about":[{"href":"https:\/\/a-compas.com\/en\/wp-json\/wp\/v2\/types\/portfolio"}],"wp:featuredmedia":[{"embeddable":true,"href":"https:\/\/a-compas.com\/en\/wp-json\/wp\/v2\/media\/1129"}],"wp:attachment":[{"href":"https:\/\/a-compas.com\/en\/wp-json\/wp\/v2\/media?parent=424"}],"wp:term":[{"taxonomy":"categoria-portfolio","embeddable":true,"href":"https:\/\/a-compas.com\/en\/wp-json\/wp\/v2\/categoria-portfolio?post=424"}],"curies":[{"name":"wp","href":"https:\/\/api.w.org\/{rel}","templated":true}]}}

<!-- This site is optimized with the Yoast SEO plugin v27.5 - https://yoast.com/product/yoast-seo-wordpress/ -->
<title>Intensivo de Flamenco en Sevilla - A Compás</title>
<meta name="description" content="Sumérgete en el arte del flamenco con nuestro curso intensivo en Sevilla. Aprende de expertos en un entorno auténtico y apasionado. ¡Vive la cultura y la pasión del flamenco con A Compás!" />
<meta name="robots" content="index, follow, max-snippet:-1, max-image-preview:large, max-video-preview:-1" />
<link rel="canonical" href="https://a-compas.com/en/portfolio/flamenco-intensive-mastery-and-passion-in-seville/" />
<meta property="og:locale" content="en_US" />
<meta property="og:type" content="article" />
<meta property="og:title" content="Intensivo de Flamenco en Sevilla - A Compás" />
<meta property="og:description" content="Sumérgete en el arte del flamenco con nuestro curso intensivo en Sevilla. Aprende de expertos en un entorno auténtico y apasionado. ¡Vive la cultura y la pasión del flamenco con A Compás!" />
<meta property="og:url" content="https://a-compas.com/en/portfolio/flamenco-intensive-mastery-and-passion-in-seville/" />
<meta property="og:site_name" content="A Compás" />
<meta property="article:modified_time" content="2025-10-22T06:49:20+00:00" />
<meta property="og:image" content="https://a-compas.com/wp-content/uploads/2025/08/Juan.jpg" />
	<meta property="og:image:width" content="1365" />
	<meta property="og:image:height" content="1448" />
	<meta property="og:image:type" content="image/jpeg" />
<meta name="twitter:card" content="summary_large_image" />
<!-- / Yoast SEO plugin. -->

Intensivo de Flamenco en Sevilla - A Compás

Sumérgete en el arte del flamenco con nuestro curso intensivo en Sevilla. Aprende de expertos en un entorno auténtico y apasionado. ¡Vive la cultura y la pasión del flamenco con A Compás!

A Compás
